{"id":4508,"date":"2023-10-13T02:43:14","date_gmt":"2023-10-13T09:43:14","guid":{"rendered":"http:\/\/klingerdirndl.com\/index.php\/retouren-2\/"},"modified":"2023-12-18T00:38:30","modified_gmt":"2023-12-18T08:38:30","slug":"retouren-2","status":"publish","type":"page","link":"https:\/\/klingerdirndl.com\/index.php\/retouren-2\/","title":{"rendered":"Retouren"},"content":{"rendered":"<p>Du hast 14 Tage Bedenkzeit. Innerhalb dieser Frist kannst Du Deine Artikel wieder an uns zur\u00fcckschicken, sollten sie Dir doch nicht passen oder nicht Deinen Vorstellungen entsprechen. Die Kosten f\u00fcr die Retoure tr\u00e4gt der K\u00e4ufer selbst.<\/p>\n<p><strong><b>*\u00a0Die Ware geht durch Ihre pers\u00f6nliche Annahmeverweigerung verloren. Sie \u00fcbernehmen die gesamte Verantwortung.<\/b><\/strong><\/p>\n<h4 class=\"custom-page--tab-headline\">Bevor du die Ware zur\u00fccksendest, musst du uns eine E-Mail (serivce@klingerdirndl.com) senden und die Ware an die angegebene Adresse zur\u00fccksenden. Bitte lege auch den beiliegenden Retourenschein vollst\u00e4ndig ausgef\u00fcllt bei.<\/h4>\n<p>Nachdem wir ein R\u00fccksendeetikett oder eine R\u00fccksendeadresse angegeben haben, solltest du die zur\u00fcckgegebene Ware innerhalb von\u00a0<strong>7 Tagen<\/strong>\u00a0versenden und die Bestellnummer und die Sendungsnummer an serivce@klingerdirndl.com senden. Wenn wir die oben genannten Informationen nicht erhalten,\u00a0<strong>nachdem wir dir die R\u00fccksendungsadresse &#8211; das R\u00fccksendeetikett 7 Tage nach, wird das Lager deine Ware ablehnen, deine R\u00fccksendung wird nicht mehr akzeptiert und wir k\u00f6nnen dir keine R\u00fcckerstattung leisten.<\/strong><\/p>\n<h4><\/h4>\n<h4><strong><b>Wichtiger Hinweis<\/b><\/strong><\/h4>\n<p>Bei Klinger Dirndl sind viele Artikel mit einem Einmalsiegel gesichert. Diese Art \u00bbPlomben\u00ab sind fest am Artikel angebracht. Wurde das Einmalsiegel entfernt, erlischt damit auch automatisch das Widerrufsrecht und eine R\u00fcckgabe im Sinne des gesetzlichen Widerrufsrechts ist nicht mehr m\u00f6glich. Nur somit k\u00f6nnen wir gew\u00e4hrleisten, dass du bei Klinger Dirndl immer ungetragene und neuwertige Ware erh\u00e4ltst.<br \/>\nBei einer Verschlechterung des Zustandes der zur\u00fcckgesandten Artikel &#8211; zum Beispiel durch Verschmutzungen, Besch\u00e4digungen oder fehlende Etiketten &#8211; behalten wir uns vor, die Annahme der R\u00fccksendung zu verweigern und ggf. im Rahmen der gesetzlichen Bestimmungen Wertersatz geltend zu machen.<\/p>\n<h4><strong><b>R<\/b><\/strong>\u00fcckerstattung Erhalten<\/h4>\n<p>Sobald deine Retoure bei uns eintrifft, erh\u00e4ltst dueine automatische Best\u00e4tigung per E-Mail. Deine R\u00fccksendung wird innerhalb von 7 Werktagen bearbeitet und der zu erstattende Betrag wird yon 14 Tagen danach automatisch auf die bei Bestellung hinterlegte Zahlungsart gutgeschrieben.<\/p>\n<p>Wenn der Betrag auf dein Konto zur\u00fcckgebucht wird, zieht die Bank automatisch eine Bearbeitungsgeb\u00fchr von 3-5 % des Zahlungsbetrags ab. Diese Geb\u00fchr wird von der Bank erhoben und wir haben kein Recht, einzugreifen.\u00a0Diese Kosten werden von der R\u00fcckerstattung, die Sie erhalten, abgezogen.<\/p>\n<h4><strong><b>Umtausch<\/b><\/strong><\/h4>\n<p>Ein Umtausch von Artikeln ist derzeit leider nicht m\u00f6glich. Wenn der Artikel im Onlineshop in der gew\u00fcnschten Farbe oder Gr\u00f6\u00dfe verf\u00fcgbar ist, bitten wir dich, eine neue Bestellung aufzugeben. Die urspr\u00fcngliche Bestellung (oder einzelne Artikel davon) kannst du innerhalb von zwei Wochen zur\u00fccksenden.\u00a0Wir erstatten dir den Kaufbetrag innerhalb von 14 Tagen nach Erhalt der R\u00fccksendung zur\u00fcck.<\/p>\n","protected":false},"excerpt":{"rendered":"<p>Du hast 14 Tage Bedenkzeit. Innerhalb dieser Frist kannst Du Deine Artikel wieder an uns zur\u00fcckschicken, sollten sie Dir doch nicht passen oder nicht Deinen Vorstellungen entsprechen. Die Kosten f\u00fcr die Retoure tr\u00e4gt der K\u00e4ufer selbst. *\u00a0Die Ware geht durch Ihre pers\u00f6nliche Annahmeverweigerung verloren. Sie \u00fcbernehmen die gesamte Verantwortung. Bevor du die Ware zur\u00fccksendest, musst &hellip;<\/p>\n<p class=\"read-more\"> <a class=\"\" href=\"https:\/\/klingerdirndl.com\/index.php\/retouren-2\/\"> <span class=\"screen-reader-text\">Retouren<\/span> Read More \u00bb<\/a><\/p>\n","protected":false},"author":1,"featured_media":0,"parent":0,"menu_order":0,"comment_status":"closed","ping_status":"closed","template":"","meta":{"site-sidebar-layout":"default","site-content-layout":"","ast-site-content-layout":"default","site-content-style":"default","site-sidebar-style":"default","ast-global-header-display":"","ast-banner-title-visibility":"","ast-main-header-display":"","ast-hfb-above-header-display":"","ast-hfb-below-header-display":"","ast-hfb-mobile-header-display":"","site-post-title":"","ast-breadcrumbs-content":"","ast-featured-img":"","footer-sml-layout":"","theme-transparent-header-meta":"","adv-header-id-meta":"","stick-header-meta":"","header-above-stick-meta":"","header-main-stick-meta":"","header-below-stick-meta":"","astra-migrate-meta-layouts":"set","ast-page-background-enabled":"default","ast-page-background-meta":{"desktop":{"background-color":"var(--ast-global-color-4)","background-image":"","background-repeat":"repeat","background-position":"center center","background-size":"auto","background-attachment":"scroll","background-type":"","background-media":"","overlay-type":"","overlay-color":"","overlay-gradient":""},"tablet":{"background-color":"","background-image":"","background-repeat":"repeat","background-position":"center center","background-size":"auto","background-attachment":"scroll","background-type":"","background-media":"","overlay-type":"","overlay-color":"","overlay-gradient":""},"mobile":{"background-color":"","background-image":"","background-repeat":"repeat","background-position":"center center","background-size":"auto","background-attachment":"scroll","background-type":"","background-media":"","overlay-type":"","overlay-color":"","overlay-gradient":""}},"ast-content-background-meta":{"desktop":{"background-color":"var(--ast-global-color-5)","background-image":"","background-repeat":"repeat","background-position":"center center","background-size":"auto","background-attachment":"scroll","background-type":"","background-media":"","overlay-type":"","overlay-color":"","overlay-gradient":""},"tablet":{"background-color":"var(--ast-global-color-5)","background-image":"","background-repeat":"repeat","background-position":"center center","background-size":"auto","background-attachment":"scroll","background-type":"","background-media":"","overlay-type":"","overlay-color":"","overlay-gradient":""},"mobile":{"background-color":"var(--ast-global-color-5)","background-image":"","background-repeat":"repeat","background-position":"center center","background-size":"auto","background-attachment":"scroll","background-type":"","background-media":"","overlay-type":"","overlay-color":"","overlay-gradient":""}},"footnotes":""},"class_list":["post-4508","page","type-page","status-publish","hentry"],"acf":[],"_links":{"self":[{"href":"https:\/\/klingerdirndl.com\/index.php\/wp-json\/wp\/v2\/pages\/4508","targetHints":{"allow":["GET"]}}],"collection":[{"href":"https:\/\/klingerdirndl.com\/index.php\/wp-json\/wp\/v2\/pages"}],"about":[{"href":"https:\/\/klingerdirndl.com\/index.php\/wp-json\/wp\/v2\/types\/page"}],"author":[{"embeddable":true,"href":"https:\/\/klingerdirndl.com\/index.php\/wp-json\/wp\/v2\/users\/1"}],"replies":[{"embeddable":true,"href":"https:\/\/klingerdirndl.com\/index.php\/wp-json\/wp\/v2\/comments?post=4508"}],"version-history":[{"count":5,"href":"https:\/\/klingerdirndl.com\/index.php\/wp-json\/wp\/v2\/pages\/4508\/revisions"}],"predecessor-version":[{"id":7512,"href":"https:\/\/klingerdirndl.com\/index.php\/wp-json\/wp\/v2\/pages\/4508\/revisions\/7512"}],"wp:attachment":[{"href":"https:\/\/klingerdirndl.com\/index.php\/wp-json\/wp\/v2\/media?parent=4508"}],"curies":[{"name":"wp","href":"https:\/\/api.w.org\/{rel}","templated":true}]}}